. What are the prime factors of y(q)?
2
Let k(z) = -3*z**3 + 2*z**2 - 1. Let a be k(1). Let r be (0*(2 - 1))/a. Suppose -y - y + 24 = r. What are the prime factors of y?
2, 3
Suppose 4*p - p = -240. What are the prime factors of p/(-4) + (1 - -3)?
2, 3
Suppose 4*m + m + 4*l = -113, 3*l - 84 = 3*m. Let b be 4/(-10) + (-10)/m. Let z = b - -4. What are the prime factors of z?
2
Let z(i) = 3*i - 15. List the prime factors of z(6).
3
Let a be (-2)/4 - (-3)/6. Let h = 23 - a. What are the prime factors of h?
23
Suppose -v + 59 = 5*r, -8*r + 3*r = 2*v - 103. What are the prime factors of v?
2, 11
Let a = -97 - -183. List the prime factors of a.
2, 43
Suppose -3*o + 6*o = 33. Let c be ((-8)/(-14))/((-8)/(-112)). Let y = o - c. What are the prime factors of y?
3
Let n(y) = -6*y**3 - 6*y**2 + 11*y - 14. Let h(f) = f**3 - f**2 + 1. Let r(t) = 5*h(t) + n(t). What are the prime factors of r(-12)?
3
Let k(r) be the second derivative of -r**5/20 + r**4/3 - r**3/6 + 3*r**2/2 - 2*r. List the prime factors of k(3).
3
Suppose 0*p - 16 = 2*p. Let z = p + 14. What are the prime factors of z?
2, 3
Let i be (-8 - 4) + 1*3. What are the prime factors of (18/(-27))/(2/i)?
3
Let y be -4*(-3)/(-12)*-2. Suppose -3*l - p = -89, 4*l - 3*p - 63 = y*l. Suppose -3*f + 0*f + l = 0. What are the prime factors of f?
2, 5
Let x(j) = -j**2 + 5*j - 8. Let t be x(6). Let f = 96 + t. Suppose -5*p - 17 = -f. List the prime factors of p.
13
Let h = 18 + 15. Suppose 0 = -0*v - 3*v + h. What are the prime factors of v?
11
Suppose -x - o + 3*o = -31, 0 = -x + 5*o + 25. List the prime factors of x.
5, 7
Let d(f) = -f**2 + 5*f + 1. Let r be d(5). What are the prime factors of (14/8)/(r/4)?
7
Suppose 5*b + 5*n + 10 = 0, 3*b - 8*b = -5*n + 20. Let z be ((-1)/b)/((-3)/(-27)). Suppose -z*r + 9 + 6 = 0. List the prime factors of r.
5
Let n(r) = r**2 + 16*r + 6. Let d be n(-15). What are the prime factors of (1*-3)/(d/81)?
3
Let q(k) = -k**3 - k**2 + 4*k + 6. Let d be q(-4). Let x = -6 - -12. Suppose 0 = x*p - p - y - d, 0 = -4*p + y + 31. List the prime factors of p.
7
What are the prime factors of 2/(-3)*378/(-7)?
2, 3
Suppose 6*d - 20 = d. List the prime factors of d.
2
Suppose 0 = -5*j + 2*j + 210. Suppose 20 = -5*f + j. List the prime factors of f.
2, 5
Let u(o) = o**3 + 6*o**2 - 7*o + 5. Let d be u(-7). Suppose d*z = -0*z + 110. What are the prime factors of z?
2, 11
Let u be (20/(-2))/(0 + -2). Suppose 5*t - u*a - 170 = 0, -4*a + 3*a = -2. List the prime factors of t.
2, 3
Let p be (-833)/(-85) + (-2)/(-10). Let v = p - -32. List the prime factors of v.
2, 3, 7
Let q be ((-1)/3)/((-4)/48). Let t = -2 + q. Suppose -1 = 2*u + 5*d, -d = u + d - t. List the prime factors of u.
2, 3
Suppose 3*x - 1093 = -5*a, 0*a = 3*x - 3*a - 1125. What are the prime factors of x?
7, 53
Suppose 12 = k + 2*k. Suppose -3*u = -56 + 8. Suppose u = k*p - 2*p. List the prime factors of p.
2
Let q(m) be the first derivative of 3*m**4/4 - m**3/3 + m**2/2 + m + 2. What are the prime factors of q(2)?
23
Let h(i) = 2*i. Let m be h(2). Suppose -3*a = -5*s + 10, -2*s + 35 = s + m*a. Suppose 2*o = s*o - 27. What are the prime factors of o?
3
Let u(m) = -m + 2. Let o be u(0). Suppose 4*s - s = -o*x + 25, 5*s - 44 = -x. List the prime factors of s.
3
Let l be 11/2 + (-2)/4. Suppose 3*c - 8*c = -5. List the prime factors of 8*c - (l + -5).
2
Let j = -146 + 440. What are the prime factors of j?
2, 3, 7
Let f(a) = 3*a**2 + 14*a + 18. What are the prime factors of f(-6)?
2, 3, 7
Let i(s) = s + 1. Let y be i(2). What are the prime factors of y/(-3)*112/(-7)?
2
Let o(c) = c + 3. Let x be o(-5). List the prime factors of 19/x*4/(-2).
19
Suppose 0 = -3*z + 107 + 115. List the prime factors of z.
2, 37
Suppose -34 = 7*r - 9*r. What are the prime factors of r?
17
Suppose 2*c + 472 = 3*s, -3*c = -2*s - 0*c + 323. List the prime factors of s.
2, 7, 11
Suppose 9 = -3*n + 99. What are the prime factors of n?
2, 3, 5
List the prime factors of (472/16)/((-1)/(-2)).
59
Let x(g) = -g**3 - 8*g**2 - 8*g + 4. Suppose 2*r + 2*f + 8 = -2*f, -3*f = -r + 1. Let l be -6 + -3 - 1*r. List the prime factors of x(l).
11
Suppose -s + 18 = 5*z, s + 3*z - 14 = 10. What are the prime factors of s?
3, 11
Let g = 12 + -2. List the prime factors of g.
2, 5
Let w = -19 - -23. Suppose 0 = -y - 5*b + 13, -2*b - w = y - 14. What are the prime factors of y?
2
Let v(s) = s**3 + 6*s**2 - 3*s - 6. Let o be v(-6). Let r = o - -2. Suppose -b - 4*d - r = -3*b, -41 = -3*b - 4*d. List the prime factors of b.
11
Suppose 4*b - 9*b = -175. List the prime factors of b.
5, 7
Let m(o) = 3 - 3*o + 0*o**2 + o**2 + 5*o. Let s be m(-2). Suppose -s*d - 4 = -19. List the prime factors of d.
5
Suppose -3*v = 5*z - 37, -5*z + v - 1 = -22. Suppose 4*m - 4 - 4 = 0, 0 = -z*s + 2*m + 66. List the prime factors of s.
2, 7
Let y(z) = -z - 2. Suppose 18 = 4*q - 2. Let o be y(q). Let d = 15 + o. What are the prime factors of d?
2
Suppose -4*o = -5*o - 18. Let q = 2 - o. What are the prime factors of q?
2, 5
Let o(r) = -r**3 + 4*r**2 + 5*r. Let t be o(5). Suppose -2*b - 5*g + 109 = t, 2*b - 6*b = 2*g - 226. What are the prime factors of b/9 + 1/(-3)?
2, 3
Suppose -4*v = v + c - 50, 3*v = c + 22. Let z(h) = h**2 - 7*h + 12. List the prime factors of z(v).
2, 3, 5
Suppose 5*o + 19 = 209. List the prime factors of o.
2, 19
Suppose 2*k - 14 = -2*p, -4*k - 2*p + 18 = -0*k. Let y = 2 + k. What are the prime factors of y?
2
Let d be (-2)/(-5) - (-4)/(-10). Suppose d = -4*l + 3*h, 3*h - 8*h + 26 = 2*l. Suppose l*c = -q + 18, -5*q - 2*c + 63 - 12 = 0. List the prime factors of q.
3
Let r = 0 - 2. Let z be ((-5)/3)/(r/24). Let p = z + -13. List the prime factors of p.
7
Let b be 125/5 + 1/1. Suppose 27 = 5*f + w - 45, -b = -2*f + w. What are the prime factors of f?
2, 7
Let o(t) = -6*t - 4. Let c be o(-1). Let m(u) be the third derivative of u**6/40 - u**5/30 - u**4/12 + u**3/3 + u**2. What are the prime factors of m(c)?
2, 7
Suppose 4*k = 7*k + 9. Let l(v) = -v. Let m be l(k). Suppose 20 = m*g + 2*g. List the prime factors of g.
2
List the prime factors of (152/(-32))/((-1)/4).
19
Let y be (-47)/7 + 2/(-7). Let p(i) = -i**3 - 7*i**2 + i + 9. Let q be p(y). Suppose -5*v + 0*v = -3*k - 43, -2*v + q*k + 14 = 0. List the prime factors of v.
11
Let v(a) = 2*a**2 + 6*a + 3. Let q be v(-5). Suppose -q = 5*i - 103. Suppose -2*t = 2*t + 4*x - i, 13 = 5*t - 2*x. List the prime factors of t.
3
Let z(u) = 2*u**3 - 3*u - 5*u**2 - u**3 - 1 + 0*u**3. Let x be z(7). Suppose -r + x = 3*r. What are the prime factors of r?
19
Suppose 3*d - 1 = 8. Suppose -3*p = -57 + d. Suppose 3*x - 54 = 3*c, -3*x + p + 12 = 3*c. List the prime factors of x.
2, 7
Let i(l) = -3*l + 1. Suppose -3 = -5*o + 2. Let p be i(o). What are the prime factors of (-8)/(p + 2 + -2)?
2
Suppose q - 4 = 3*d, 3*d - 7*d = 4*q - 16. Let c be ((-6)/q)/((-3)/66). Let n = -20 + c. What are the prime factors of n?
13
Let i(b) = 2*b**3 - 3*b**2 + 5*b - 3. Let f be i(3). Suppose 3 = t + 4*h - 5, -3*t + f = -3*h. List the prime factors of (-32)/t*-1*3.
2
Suppose 2*f = 8*f - 336. What are the prime factors of f?
2, 7
Suppose 2*t + 0*t - 4 = 0. Let w be (-3)/(-1) + (-5 - -2). Suppose -d + w*d = -t. What are the prime factors of d?
2
Let b = -2 - 13. Let h be 496/10 + b/25. Suppose 3*v + h = 5*q, v + 7 = q - v. List the prime factors of q.
11
Let x be (-2)/(-2) - (3 - 5). Suppose x*j - 63 = -3*n, 0*n + 2*n - 43 = -j. What are the prime factors of n?
2, 11
Let m(x) be the first derivative of -1/2*x**2 + x + 2. What are the prime factors of m(-6)?
7
What are the prime factors of ((-164)/16)/(2/(-8))?
41
Let g(f) = 2*f + 6. Let q be g(-5). What are the prime factors of 1 - q/1 - 1?
2
What are the prime factors of 124/7 - -2*4/28?
2, 3
Let u(x) = -7*x + 17. Let c(s) = -8*s + 17. Let o(k) = -4*c(k) + 5*u(k). List the prime factors of o(-14).
59
List the prime factors of 5 - 3 - 339/(-3).
5, 23
Let x = 15 + -11. Suppose -2*z = -2*w - 73 + 1, -4*w = -x. List the prime factors of z.
37
Suppose 5*b - 5*n = 0, 4*n = -3*b - b + 24. Suppose 2*k + k + 95 = 5*t, k - 43 = -b*t. Let d = t - 10. List the prime factors of d.
2, 3
Let g(u) = -u**3 - 5*u**2 - u + 5. Suppose 2*x - 5*x - 18 = 5*q, 3*x - 5*q + 18 = 0. List the prime factors of g(x).
47
Let a(y) = -3*y - y + 3*y. What are